prime?
False
Is 14953 prime?
False
Is 551683 prime?
False
Is 47609 a composite number?
False
Is 44539 a composite number?
True
Is 11113 prime?
True
Is 88045 a prime number?
False
Is 87593 a composite number?
True
Is 124103 a prime number?
False
Is 44417 composite?
False
Is 2179 a prime number?
True
Is 5739 prime?
False
Is 35779 composite?
True
Is 45635 prime?
False
Is 2413 composite?
True
Is 147053 a composite number?
True
Is 5669 a composite number?
False
Is 13229 a composite number?
False
Is 4408903 composite?
False
Is 3847 a composite number?
False
Is 16127 composite?
False
Is 139011 composite?
True
Is 66277 composite?
True
Is 801607 a prime number?
True
Is 236749 composite?
False
Is 66029 a composite number?
False
Is 4955 a prime number?
False
Is 83663 prime?
True
Is 831 a prime number?
False
Is 8657 prime?
False
Is 133649 composite?
False
Is 110221 a composite number?
False
Is 614 prime?
False
Is 9293 a composite number?
False
Is 2202899 a composite number?
False
Is 61861 prime?
True
Is 243245 prime?
False
Is 265807 a prime number?
True
Is 4114699 a composite number?
False
Is 146833 a composite number?
False
Is 113963 prime?
True
Is 67927 a prime number?
True
Is 13121 a prime number?
True
Is 7069 a composite number?
False
Is 26089 composite?
True
Is 141437 composite?
True
Is 191371 prime?
False
Is 16355 composite?
True
Is 495923 composite?
False
Is 19535 composite?
True
Is 7715 prime?
False
Is 22669 prime?
True
Is 6533 prime?
False
Is 2153 composite?
False
Is 15203 prime?
False
Is 713467 composite?
False
Is 1444613 a composite number?
False
Is 612097 prime?
False
Is 247081 composite?
True
Is 586882 a prime number?
False
Is 1511 a composite number?
False
Is 172847 a composite number?
True
Is 26473 a prime number?
False
Is 236689 a prime number?
False
Is 4699 a prime number?
False
Is 23189 prime?
True
Is 21233 a composite number?
True
Is 82699 prime?
True
Is 28383 a composite number?
True
Is 172859 a composite number?
False
Is 99949 composite?
True
Is 122597 a prime number?
True
Is 461677 a prime number?
True
Is 3247 a prime number?
False
Is 132377 composite?
True
Is 4321 a prime number?
False
Is 45707 a composite number?
False
Is 146111 composite?
True
Is 27923 composite?
True
Is 21401 composite?
False
Is 13259 a prime number?
True
Is 108233 prime?
True
Is 4441 a prime number?
True
Is 34337 composite?
False
Is 14731 prime?
True
Is 246709 prime?
True
Is 69239 composite?
False
Is 63287 composite?
True
Is 1253 a prime number?
False
Is 77339 a prime number?
True
Is 73181 a prime number?
True
Is 1756661 a prime number?
False
Is 8791 composite?
True
Is 12661 a prime number?
False
Is 597337 a composite number?
True
Is 51769 a composite number?
False
Is 143413 prime?
True
Is 23513 a prime number?
False
Is 47451 a prime number?
False
Is 20714 prime?
False
Is 21647 prime?
True
Is 1119 composite?
True
Is 181057 a prime number?
False
Is 222409 a composite number?
True
Is 197023 prime?
True
Is 3967 prime?
True
Is 229063 prime?
False
Is 347707 a prime number?
True
Is 116881 a composite number?
False
Is 630022 a composite number?
True
Is 80743 prime?
False
Is 37613 prime?
False
Is 10673 prime?
False
Is 1367 a composite number?
False
Is 36097 prime?
True
Is 54923 composite?
True
Is 57221 prime?
True
Is 239107 composite?
True
Is 796811 a composite number?
True
Is 4327 composite?
False
Is 143522 composite?
True
Is 446 prime?
False
Is 54361 prime?
True
Is 36619 a prime number?
False
Is 68813 a composite number?
False
Is 14813 a prime number?
True
Is 447 a prime number?
False
Is 3907 a prime number?
True
Is 3077 a composite number?
True
Is 12343 composite?
False
Is 1679 prime?
False
Is 369097 composite?
False
Is 56519 prime?
True
Is 3474667 prime?
False
Is 3521767 composite?
False
Is 779087 a prime number?
False
Is 31754 composite?
True
Is 2293 composite?
False
Is 3899 a prime number?
False
Is 5671 a prime number?
False
Is 12941 prime?
True
Is 46363 composite?
True
Is 99437 a prime number?
False
Is 30035 composite?
True
Is 835007 prime?
False
Is 437719 a prime number?
True
Is 157081 a composite number?
False
Is 50359 composite?
False
Is 11197 a prime number?
True
Is 120007 a composite number?
True
Is 1493033 prime?
False
Is 315871 composite?
True
Is 571841 prime?
True
Is 6421 composite?
False
Is 813107 a composite number?
False
Is 25649 composite?
True
Is 15479 a composite number?
True
Is 23017 prime?
True
Is 458151 a composite number?
True
Is 2333 composite?
False
Is 649 prime?
False
Is 7601 composite?
True
Is 7609 a composite number?
True
Is 13817 prime?
False
Is 398171 composite?
False
Is 38039 composite?
False
Is 381371 a composite number?
False
Is 1479307 composite?
True
Is 73495 a composite number?
True
Is 110963 composite?
True
Is 6613 a composite number?
True
Is 7817 prime?
True
Is 16943 a prime number?
True
Is 2927 a composite number?
False
Is 467661 prime?
False
Is 9413 prime?
True
Is 1538 composite?
True
Is 17729 prime?
True
Is 15557 prime?
False
Is 77917 prime?
False
Is 1215737 a composite number?
True
Is 2999 a composite number?
False
Is 1221029 a prime number?
True
Is 99871 composite?
False
Is 517633 a composite number?
True
Is 22699 composite?
False
Is 29459 prime?
False
Is 301039 prime?
True
Is 413681 prime?
True
Is 98749 prime?
False
Is 685 composite?
True
Is 69593 composite?
False
Is 177647 composite?
False
Is 1323001 composite?
False
Is 10453 composite?
False
Is 251861 composite?
False
Is 5227 a composite number?
False
Is 179 prime?
True
Is 197117 composite?
False
Is 11351 prime?
True
Is 247859 prime?
False
Is 273029 prime?
True
Is 1349 prime?
False
Is 40693 composite?
False
Is 5789477 a prime number?
False
Is 358307 prime?
False
Is 1793 a prime number?
False
Is 105371 prime?
False
Is 100897 a composite number?
True
Is 298 prime?
False
Is 1153543 a prime number?
False
Is 1162191 a prime number?
False
Is 2411965 a prime number?
False
Is 112687 a prime number?
True
Is 187019 a prime number?
False
Is 163337 a prime number?
True
Is 562187 prime?
False
Is 16877 a prime number?
False
Is 202547 a composite number?
True
Is 203537 a prime number?
False
Is 46021 a composite number?
False
Is 43889 a composite number?
False
Is 2395 a prime number?
False
Is 871 a prime number?
False
Is 5129 composite?
True
Is 211687 a prime number?
False
Is 298651 a prime number?
True
Is 133241 composite?
False
Is 27442 prime?
False
Is 31105 a composite number?
True
Is 1019173 composite?
False
Is 116141 a prime number?
True
Is 227947 a composite number?
False
Is 141991 a composite number?
False
Is 1198 a prime number?
False
Is 77941 a composite number?
True
Is 551753 a prime number?
True
Is 820237 prime?
False
Is 39189 composite?
True
Is 59809 a composite number?
False
Is 5998 a composite number?
True
Is 96643 prime?
True
Is 83023 composite?
False
Is 362851 prime?
True
Is 662 a composite number?
True
Is 29599 a prime number?
True
Is 10589 a prime number?
True
Is 353173 prime?
True
Is 1387 prime?
False
Is 124067 composite?
False
Is 20854 a prime number?
False
Is 36739 prime?
True
Is 647873 prime?
False
Is 367915 a prime number?
False
Is 6387 composite?
True
Is 13045 composite?
True
Is 127 composite?
False
Is 232777 composite?
False
Is 540203 a composite number?
False
Is 679139 a prime number?
False
Is 7321 a prime number?
True
Is 1691 prime?
False
Is 8353 composite?
False
Is 67369 a composite number?
False
Is 25079 a prime number?
False
Is 1768037 prime?
True
Is 31883 a composite number?
False
Is 914399 prime?
False
Is 2647691 prime?
False
Is 1288293 a prime number?
False
Is 1681973 a composite number?
False
Is 4487 a composite number?
True
Is 3026633 composite?
False
Is 1288967 a composite number?
False
Is 511669 prime?
True
Is 6437 prime?
False
Is 17881 a prime number?
True
Is 4871 a composite number?
False
Is 3275803 prime?
True
Is 20563 a prime number?
True
Is 22411 a composite number?
True
Is 5213597 a prime number?
True
Is 3830611 composite?
False
Is 11131 a prime number?
True
Is 99559 a prime number?
True
Is 74821 prime?
True
Is 369553 a composite number?
False
Is 95269 composite?
True
Is 827765 a composite number?
True
Is 18809 composite?
True
Is 196439 composite?
False
Is 609157 a prime number?
False
Is 14243 a prime number?
True
Is 59333 a prime number?
Tr